{"id":1599,"date":"2025-03-18T09:53:30","date_gmt":"2025-03-18T07:53:30","guid":{"rendered":"https:\/\/www.svenskfinlandskrigsankebarn.multi.fi\/?page_id=1599"},"modified":"2026-03-27T13:53:50","modified_gmt":"2026-03-27T11:53:50","slug":"arsmotesprotokoll","status":"publish","type":"page","link":"https:\/\/www.svenskfinlandskrigsankebarn.multi.fi\/?page_id=1599","title":{"rendered":"\u00c5rsm\u00f6tesprotokoll"},"content":{"rendered":"<div class=\"wp-block-image\">\n<figure class=\"aligncenter size-large is-resized\"><img decoding=\"async\" src=\"https:\/\/www.svenskfinlandskrigsankebarn.multi.fi\/wp-content\/uploads\/2026\/02\/image-835x1024.jpeg\" alt=\"\" class=\"wp-image-1947\" style=\"aspect-ratio:0.8154371710830025;width:69px;height:auto\"\/><\/figure>\n<\/div>\n\n\n<figure class=\"wp-block-image size-large\"><img loading=\"lazy\" decoding=\"async\" width=\"744\" height=\"1024\" src=\"https:\/\/www.svenskfinlandskrigsankebarn.multi.fi\/wp-content\/uploads\/2026\/03\/Skannaus_20260327-1-744x1024.jpg\" alt=\"\" class=\"wp-image-1963\" srcset=\"https:\/\/www.svenskfinlandskrigsankebarn.multi.fi\/wp-content\/uploads\/2026\/03\/Skannaus_20260327-1-744x1024.jpg 744w, https:\/\/www.svenskfinlandskrigsankebarn.multi.fi\/wp-content\/uploads\/2026\/03\/Skannaus_20260327-1-218x300.jpg 218w, https:\/\/www.svenskfinlandskrigsankebarn.multi.fi\/wp-content\/uploads\/2026\/03\/Skannaus_20260327-1-768x1057.jpg 768w, https:\/\/www.svenskfinlandskrigsankebarn.multi.fi\/wp-content\/uploads\/2026\/03\/Skannaus_20260327-1-1117x1536.jpg 1117w, https:\/\/www.svenskfinlandskrigsankebarn.multi.fi\/wp-content\/uploads\/2026\/03\/Skannaus_20260327-1-1489x2048.jpg 1489w, https:\/\/www.svenskfinlandskrigsankebarn.multi.fi\/wp-content\/uploads\/2026\/03\/Skannaus_20260327-1-scaled.jpg 1861w\" sizes=\"auto, (max-width: 744px) 100vw, 744px\" \/><\/figure>\n\n\n\n<figure class=\"wp-block-image size-large\"><img loading=\"lazy\" decoding=\"async\" width=\"744\" height=\"1024\" src=\"https:\/\/www.svenskfinlandskrigsankebarn.multi.fi\/wp-content\/uploads\/2026\/03\/Skannaus_20260327-2-1-744x1024.jpg\" alt=\"\" class=\"wp-image-1962\" srcset=\"https:\/\/www.svenskfinlandskrigsankebarn.multi.fi\/wp-content\/uploads\/2026\/03\/Skannaus_20260327-2-1-744x1024.jpg 744w, https:\/\/www.svenskfinlandskrigsankebarn.multi.fi\/wp-content\/uploads\/2026\/03\/Skannaus_20260327-2-1-218x300.jpg 218w, https:\/\/www.svenskfinlandskrigsankebarn.multi.fi\/wp-content\/uploads\/2026\/03\/Skannaus_20260327-2-1-768x1057.jpg 768w, https:\/\/www.svenskfinlandskrigsankebarn.multi.fi\/wp-content\/uploads\/2026\/03\/Skannaus_20260327-2-1-1117x1536.jpg 1117w, https:\/\/www.svenskfinlandskrigsankebarn.multi.fi\/wp-content\/uploads\/2026\/03\/Skannaus_20260327-2-1-1489x2048.jpg 1489w, https:\/\/www.svenskfinlandskrigsankebarn.multi.fi\/wp-content\/uploads\/2026\/03\/Skannaus_20260327-2-1-scaled.jpg 1861w\" sizes=\"auto, (max-width: 744px) 100vw, 744px\" \/><\/figure>\n\n\n\n<div class=\"wp-block-media-text alignwide\"><figure class=\"wp-block-media-text__media\"><\/figure><div class=\"wp-block-media-text__content\">\n<p class=\"has-large-font-size\"><\/p>\n\n\n\n<figure class=\"wp-block-image size-full is-resized\"><img loading=\"lazy\" decoding=\"async\" width=\"591\" height=\"724\" src=\"https:\/\/www.svenskfinlandskrigsankebarn.multi.fi\/wp-content\/uploads\/2023\/08\/v\u00e5rt-emble.jpg\" alt=\"\" class=\"wp-image-1458\" style=\"width:91px;height:auto\" srcset=\"https:\/\/www.svenskfinlandskrigsankebarn.multi.fi\/wp-content\/uploads\/2023\/08\/v\u00e5rt-emble.jpg 591w, https:\/\/www.svenskfinlandskrigsankebarn.multi.fi\/wp-content\/uploads\/2023\/08\/v\u00e5rt-emble-245x300.jpg 245w\" sizes=\"auto, (max-width: 591px) 100vw, 591px\" \/><\/figure>\n<\/div><\/div>\n\n\n\n<p><strong>025 Svenskfinlands krigs\u00e4nkebarn<\/strong><\/p>\n\n\n\n<p><strong>Protokoll<\/strong>&nbsp;f\u00f6rt vid \u00e5rsm\u00f6tet 15.3.2025 kl 13 p\u00e5 Soldathemmet i Vasa.<\/p>\n\n\n\n<p><strong>N\u00e4rvarande<\/strong>&nbsp;20 medlemmar enligt namnlista bilaga 1.<\/p>\n\n\n\n<p><strong>1. F\u00f6reningens ordf\u00f6rande<\/strong>&nbsp;Caj Grundstr\u00f6m h\u00e4lsade v\u00e4lkommen och \u00f6ppnade m\u00f6tet som inleddes med ljust\u00e4ndning och en tyst minut.<\/p>\n\n\n\n<p><strong>2. Till m\u00f6tesordf\u00f6rande<\/strong>&nbsp;valdes Per-G\u00f6ran N\u00e4sman, till sekreterare B\u00f6rje Anderson och till protokolljusterare Ann-Sofi R\u00f6j-Lindberg och Ingegerd Str\u00f6m-Gardberg.<\/p>\n\n\n\n<p><strong>3. M\u00f6tet konstaterades vara<\/strong>&nbsp;lagenligt sammankallat och beslutf\u00f6rt.<\/p>\n\n\n\n<p><strong>4. M\u00f6tets arbetsordning<\/strong>&nbsp;godk\u00e4ndes enligt uppgjord f\u00f6redragningslista.<\/p>\n\n\n\n<p><strong>5. \u00c5rsber\u00e4ttelsen<\/strong>&nbsp;f\u00f6r 2024 (bil. 2) framlades och godk\u00e4ndes. Bokslut (bil 3 och 4) och verksamhetsgranskningsber\u00e4ttelse (bil 5) framlades.<\/p>\n\n\n\n<p><strong>6. Bokslutet&nbsp;<\/strong>f\u00f6r 2024 kunde fastst\u00e4llas.<\/p>\n\n\n\n<p><strong>7. Styrelsen beviljades<\/strong>&nbsp;ansvarsfrihet.<\/p>\n\n\n\n<p><strong>8. Medlemsavgiften&nbsp;<\/strong>beslutades h\u00f6jas till 30 euro.<\/p>\n\n\n\n<p><strong>9. Verksamhetsplan&nbsp;<\/strong>(bilaga 6) och budget f\u00f6r 2025 (bilaga 7).<\/p>\n\n\n\n<p><strong>10. Val av styrelsens ordf\u00f6rande.<\/strong>&nbsp;Till ordf\u00f6rande \u00e5tervaldes Caj Grundstr\u00f6m.<\/p>\n\n\n\n<p><strong>11. Val av styrelse.&nbsp;<\/strong>I tur att avg\u00e5 var Ingegerd Str\u00f6m-Gardberg, Jan-Erik Nyblom och Per-Erik Ede, vilka alla ville l\u00e4mna sina styrelseuppdrag. Bland de n\u00e4rvarande \u00e5rsm\u00f6tesdeltagarna fanns ingen som ville ers\u00e4tta de avg\u00e5ende styrelsemedlemmarna. M\u00f6tet godk\u00e4nde att styrelsen best\u00e5r av endast 6 personer inklusive ordf\u00f6rande.<\/p>\n\n\n\n<p><strong>12. Val av verksamhetsgranskare<\/strong>. Allan Melin ville avg\u00e5 som verksamhetsgranskare. I hans st\u00e4lle valdes Siv Tarvos som sk\u00f6ter uppgiften tillsammans med Per-G\u00f6ran N\u00e4sman som kvarst\u00e5r. Som ers\u00e4ttare kvarst\u00e5r Rose-Maj Fr\u00f6man.<\/p>\n\n\n\n<p><strong>13.Sommartr\u00e4ffen<\/strong>&nbsp;i Esbo Korpilampi 12 \u2013 14.9.2025. Program vid Korpilampi (bilaga 8) samt vid Helsingfors Domkyrka (bilaga 9). Program\u00e4ndringar m\u00f6jliga.<\/p>\n\n\n\n<p>Pris i dubbelrum 272 euro, enkelrum 347 euro, utan hotell 157 euro. N\u00e4rvaro endast 13.9 pris 91 euro. Prisjusteringar m\u00f6jliga.<\/p>\n\n\n\n<p><strong>14. F\u00f6rslag till hedersmedlemmar.<\/strong>&nbsp;\u00c5rsm\u00f6tet godtog att Rose-Maj Fr\u00f6man, Ulla Nordstr\u00f6m, Siv Tarvos, B\u00f6rje Anderson, \u00c5ke Dunder och Sigbritt Levon m\u00e5 utn\u00e4mnas till hedersmedlemmar. Alla fanns med i f\u00f6reningens f\u00f6rsta styrelse. F\u00f6rslaget b\u00f6r behandlas p\u00e5 ytterligare ett m\u00f6te.<\/p>\n\n\n\n<p><strong>15. Rose-Maj Fr\u00f6man&nbsp;<\/strong>f\u00f6reslog att krigargravarna b\u00f6r dokumenteras genom fotografering eller p\u00e5 annat l\u00e4mpligt s\u00e4tt.<\/p>\n\n\n\n<p><strong>16. M\u00f6tet avslutades<\/strong>&nbsp;kl 13.55<\/p>\n\n\n\n<p>Protokolljusterare:<\/p>\n\n\n\n<p>__________________________________ &nbsp; &nbsp; ________________________________<\/p>\n\n\n\n<p>Ann-Sofi R\u00f6j-Lindberg, &nbsp; &nbsp; &nbsp; &nbsp; &nbsp; &nbsp; &nbsp; &nbsp; &nbsp; &nbsp; &nbsp; &nbsp; &nbsp; &nbsp; &nbsp; &nbsp; &nbsp; &nbsp; &nbsp; Ingegerd Str\u00f6m-Gardberg<\/p>\n\n\n\n<p><\/p>\n","protected":false},"excerpt":{"rendered":"<p>025 Svenskfinlands krigs\u00e4nkebarn Protokoll&nbsp;f\u00f6rt vid \u00e5rsm\u00f6tet 15.3.2025 kl 13 p\u00e5 Soldathemmet i Vasa. N\u00e4rvarande&nbsp;20 medlemmar enligt namnlista bilaga 1. 1. F\u00f6reningens ordf\u00f6rande&nbsp;Caj Grundstr\u00f6m h\u00e4lsade v\u00e4lkommen och \u00f6ppnade m\u00f6tet som inleddes med ljust\u00e4ndning och en tyst minut. 2. Till m\u00f6tesordf\u00f6rande&nbsp;valdes Per-G\u00f6ran N\u00e4sman, till sekreterare B\u00f6rje Anderson och till protokolljusterare Ann-Sofi R\u00f6j-Lindberg och Ingegerd Str\u00f6m-Gardberg. 3. M\u00f6tet &hellip; <a href=\"https:\/\/www.svenskfinlandskrigsankebarn.multi.fi\/?page_id=1599\" class=\"more-link\">Forts\u00e4tt l\u00e4sa <span class=\"screen-reader-text\">\u00c5rsm\u00f6tesprotokoll<\/span><\/a><\/p>\n","protected":false},"author":3,"featured_media":0,"parent":0,"menu_order":0,"comment_status":"closed","ping_status":"closed","template":"","meta":{"footnotes":""},"class_list":["post-1599","page","type-page","status-publish","hentry"],"_links":{"self":[{"href":"https:\/\/www.svenskfinlandskrigsankebarn.multi.fi\/index.php?rest_route=\/wp\/v2\/pages\/1599","targetHints":{"allow":["GET"]}}],"collection":[{"href":"https:\/\/www.svenskfinlandskrigsankebarn.multi.fi\/index.php?rest_route=\/wp\/v2\/pages"}],"about":[{"href":"https:\/\/www.svenskfinlandskrigsankebarn.multi.fi\/index.php?rest_route=\/wp\/v2\/types\/page"}],"author":[{"embeddable":true,"href":"https:\/\/www.svenskfinlandskrigsankebarn.multi.fi\/index.php?rest_route=\/wp\/v2\/users\/3"}],"replies":[{"embeddable":true,"href":"https:\/\/www.svenskfinlandskrigsankebarn.multi.fi\/index.php?rest_route=%2Fwp%2Fv2%2Fcomments&post=1599"}],"version-history":[{"count":4,"href":"https:\/\/www.svenskfinlandskrigsankebarn.multi.fi\/index.php?rest_route=\/wp\/v2\/pages\/1599\/revisions"}],"predecessor-version":[{"id":1967,"href":"https:\/\/www.svenskfinlandskrigsankebarn.multi.fi\/index.php?rest_route=\/wp\/v2\/pages\/1599\/revisions\/1967"}],"wp:attachment":[{"href":"https:\/\/www.svenskfinlandskrigsankebarn.multi.fi\/index.php?rest_route=%2Fwp%2Fv2%2Fmedia&parent=1599"}],"curies":[{"name":"wp","href":"https:\/\/api.w.org\/{rel}","templated":true}]}}

Årsmötesprotokoll

<div class="wp-block-image">
<figure class="aligncenter size-large is-resized"><img decoding="async" src="https://www.svenskfinlandskrigsankebarn.multi.fi/wp-content/uploads/2026/02/image-835x1024.jpeg" alt="" class="wp-image-1947" style="aspect-ratio:0.8154371710830025;width:69px;height:auto"/></figure>
</div>


<figure class="wp-block-image size-large"><img loading="lazy" decoding="async" width="744" height="1024" src="https://www.svenskfinlandskrigsankebarn.multi.fi/wp-content/uploads/2026/03/Skannaus_20260327-1-744x1024.jpg" alt="" class="wp-image-1963" srcset="https://www.svenskfinlandskrigsankebarn.multi.fi/wp-content/uploads/2026/03/Skannaus_20260327-1-744x1024.jpg 744w, https://www.svenskfinlandskrigsankebarn.multi.fi/wp-content/uploads/2026/03/Skannaus_20260327-1-218x300.jpg 218w, https://www.svenskfinlandskrigsankebarn.multi.fi/wp-content/uploads/2026/03/Skannaus_20260327-1-768x1057.jpg 768w, https://www.svenskfinlandskrigsankebarn.multi.fi/wp-content/uploads/2026/03/Skannaus_20260327-1-1117x1536.jpg 1117w, https://www.svenskfinlandskrigsankebarn.multi.fi/wp-content/uploads/2026/03/Skannaus_20260327-1-1489x2048.jpg 1489w, https://www.svenskfinlandskrigsankebarn.multi.fi/wp-content/uploads/2026/03/Skannaus_20260327-1-scaled.jpg 1861w" sizes="auto, (max-width: 744px) 100vw, 744px" /></figure>



<figure class="wp-block-image size-large"><img loading="lazy" decoding="async" width="744" height="1024" src="https://www.svenskfinlandskrigsankebarn.multi.fi/wp-content/uploads/2026/03/Skannaus_20260327-2-1-744x1024.jpg" alt="" class="wp-image-1962" srcset="https://www.svenskfinlandskrigsankebarn.multi.fi/wp-content/uploads/2026/03/Skannaus_20260327-2-1-744x1024.jpg 744w, https://www.svenskfinlandskrigsankebarn.multi.fi/wp-content/uploads/2026/03/Skannaus_20260327-2-1-218x300.jpg 218w, https://www.svenskfinlandskrigsankebarn.multi.fi/wp-content/uploads/2026/03/Skannaus_20260327-2-1-768x1057.jpg 768w, https://www.svenskfinlandskrigsankebarn.multi.fi/wp-content/uploads/2026/03/Skannaus_20260327-2-1-1117x1536.jpg 1117w, https://www.svenskfinlandskrigsankebarn.multi.fi/wp-content/uploads/2026/03/Skannaus_20260327-2-1-1489x2048.jpg 1489w, https://www.svenskfinlandskrigsankebarn.multi.fi/wp-content/uploads/2026/03/Skannaus_20260327-2-1-scaled.jpg 1861w" sizes="auto, (max-width: 744px) 100vw, 744px" /></figure>



<div class="wp-block-media-text alignwide"><figure class="wp-block-media-text__media"></figure><div class="wp-block-media-text__content">
<p class="has-large-font-size"></p>



<figure class="wp-block-image size-full is-resized"><img loading="lazy" decoding="async" width="591" height="724" src="https://www.svenskfinlandskrigsankebarn.multi.fi/wp-content/uploads/2023/08/vårt-emble.jpg" alt="" class="wp-image-1458" style="width:91px;height:auto" srcset="https://www.svenskfinlandskrigsankebarn.multi.fi/wp-content/uploads/2023/08/vårt-emble.jpg 591w, https://www.svenskfinlandskrigsankebarn.multi.fi/wp-content/uploads/2023/08/vårt-emble-245x300.jpg 245w" sizes="auto, (max-width: 591px) 100vw, 591px" /></figure>
</div></div>



<p><strong>025 Svenskfinlands krigsänkebarn</strong></p>



<p><strong>Protokoll</strong>&nbsp;fört vid årsmötet 15.3.2025 kl 13 på Soldathemmet i Vasa.</p>



<p><strong>Närvarande</strong>&nbsp;20 medlemmar enligt namnlista bilaga 1.</p>



<p><strong>1. Föreningens ordförande</strong>&nbsp;Caj Grundström hälsade välkommen och öppnade mötet som inleddes med ljuständning och en tyst minut.</p>



<p><strong>2. Till mötesordförande</strong>&nbsp;valdes Per-Göran Näsman, till sekreterare Börje Anderson och till protokolljusterare Ann-Sofi Röj-Lindberg och Ingegerd Ström-Gardberg.</p>



<p><strong>3. Mötet konstaterades vara</strong>&nbsp;lagenligt sammankallat och beslutfört.</p>



<p><strong>4. Mötets arbetsordning</strong>&nbsp;godkändes enligt uppgjord föredragningslista.</p>



<p><strong>5. Årsberättelsen</strong>&nbsp;för 2024 (bil. 2) framlades och godkändes. Bokslut (bil 3 och 4) och verksamhetsgranskningsberättelse (bil 5) framlades.</p>



<p><strong>6. Bokslutet&nbsp;</strong>för 2024 kunde fastställas.</p>



<p><strong>7. Styrelsen beviljades</strong>&nbsp;ansvarsfrihet.</p>



<p><strong>8. Medlemsavgiften&nbsp;</strong>beslutades höjas till 30 euro.</p>



<p><strong>9. Verksamhetsplan&nbsp;</strong>(bilaga 6) och budget för 2025 (bilaga 7).</p>



<p><strong>10. Val av styrelsens ordförande.</strong>&nbsp;Till ordförande återvaldes Caj Grundström.</p>



<p><strong>11. Val av styrelse.&nbsp;</strong>I tur att avgå var Ingegerd Ström-Gardberg, Jan-Erik Nyblom och Per-Erik Ede, vilka alla ville lämna sina styrelseuppdrag. Bland de närvarande årsmötesdeltagarna fanns ingen som ville ersätta de avgående styrelsemedlemmarna. Mötet godkände att styrelsen består av endast 6 personer inklusive ordförande.</p>



<p><strong>12. Val av verksamhetsgranskare</strong>. Allan Melin ville avgå som verksamhetsgranskare. I hans ställe valdes Siv Tarvos som sköter uppgiften tillsammans med Per-Göran Näsman som kvarstår. Som ersättare kvarstår Rose-Maj Fröman.</p>



<p><strong>13.Sommarträffen</strong>&nbsp;i Esbo Korpilampi 12 – 14.9.2025. Program vid Korpilampi (bilaga 8) samt vid Helsingfors Domkyrka (bilaga 9). Programändringar möjliga.</p>



<p>Pris i dubbelrum 272 euro, enkelrum 347 euro, utan hotell 157 euro. Närvaro endast 13.9 pris 91 euro. Prisjusteringar möjliga.</p>



<p><strong>14. Förslag till hedersmedlemmar.</strong>&nbsp;Årsmötet godtog att Rose-Maj Fröman, Ulla Nordström, Siv Tarvos, Börje Anderson, Åke Dunder och Sigbritt Levon må utnämnas till hedersmedlemmar. Alla fanns med i föreningens första styrelse. Förslaget bör behandlas på ytterligare ett möte.</p>



<p><strong>15. Rose-Maj Fröman&nbsp;</strong>föreslog att krigargravarna bör dokumenteras genom fotografering eller på annat lämpligt sätt.</p>



<p><strong>16. Mötet avslutades</strong>&nbsp;kl 13.55</p>



<p>Protokolljusterare:</p>



<p>__________________________________ &nbsp; &nbsp; ________________________________</p>



<p>Ann-Sofi Röj-Lindberg, &nbsp; &nbsp; &nbsp; &nbsp; &nbsp; &nbsp; &nbsp; &nbsp; &nbsp; &nbsp; &nbsp; &nbsp; &nbsp; &nbsp; &nbsp; &nbsp; &nbsp; &nbsp; &nbsp; Ingegerd Ström-Gardberg</p>



<p></p>

<p>025 Svenskfinlands krigsänkebarn Protokoll&nbsp;fört vid årsmötet 15.3.2025 kl 13 på Soldathemmet i Vasa. Närvarande&nbsp;20 medlemmar enligt namnlista bilaga 1. 1. Föreningens ordförande&nbsp;Caj Grundström hälsade välkommen och öppnade mötet som inleddes med ljuständning och en tyst minut. 2. Till mötesordförande&nbsp;valdes Per-Göran Näsman, till sekreterare Börje Anderson och till protokolljusterare Ann-Sofi Röj-Lindberg och Ingegerd Ström-Gardberg. 3. Mötet &hellip; <a href="https://www.svenskfinlandskrigsankebarn.multi.fi/?page_id=1599" class="more-link">Fortsätt läsa <span class="screen-reader-text">Årsmötesprotokoll</span></a></p>
