{"id":36,"date":"2016-06-20T13:59:01","date_gmt":"2016-06-20T10:59:01","guid":{"rendered":"https:\/\/www.svenskfinlandskrigsankebarn.multi.fi\/?page_id=36"},"modified":"2023-06-05T18:18:40","modified_gmt":"2023-06-05T15:18:40","slug":"verksamhetsberattelse","status":"publish","type":"page","link":"https:\/\/www.svenskfinlandskrigsankebarn.multi.fi\/?page_id=36","title":{"rendered":"Verksamhetsplan"},"content":{"rendered":"<h2>Verksamhetsplan f\u00f6r \u00e5r 2023<\/h2>\n<ol>\n<li>\u00c5rsm\u00f6tet i Vasa<\/li>\n<li>Lokaltr\u00e4ffar<\/li>\n<\/ol>\n<p>Peders\u00f6re, Vasa\/Korsholm, N\u00e4rpes<\/p>\n<p>Borg\u00e5,\/Sibbo, Helsingfors, Karis<\/p>\n<ol start=\"3\">\n<li>Sommartr\u00e4ffen i Tamerfors<\/li>\n<li>Uppvaktningar p\u00e5 de stupades dag p\u00e5 s\u00e5 m\u00e5nga gravar i olika f\u00f6rsmlingar som m\u00f6jligt<\/li>\n<li>H\u00e5lla minst 4 styrelsem\u00f6ten<\/li>\n<li>S\u00e4nda minst 4 medlemsbrev<\/li>\n<li>Medlemsv\u00e5rd i Vasa- och Helsingforstrakten<\/li>\n<li>Informations tillf\u00e4llen runtom i Svenskfinland om v\u00e5r f\u00f6rening\u00a0<\/li>\n<li>Medlemsv\u00e4rvning<\/li>\n<\/ol>\n<p>Forts\u00e4ttning av arkivering av f\u00f6reningens dokument<\/p>\n<h5>\u00a0<\/h5>\n<p><span lang=\"SV\">\u00a0 \u00a0 \u00a0 \u00a0 \u00a0 \u00a0 \u00a0 \u00a0 \u00a0 \u00a0 \u00a0 \u00a0 \u00a0 \u00a0 \u00a0 \u00a0 \u00a0 \u00a0 \u00a0 \u00a0 \u00a0 \u00a0 \u00a0 \u00a0 \u00a0 \u00a0 \u00a0 \u00a0 \u00a0 \u00a0<\/span><\/p>\n\n\n<p><\/p>\n","protected":false},"excerpt":{"rendered":"<p>Verksamhetsplan f\u00f6r \u00e5r 2023 \u00c5rsm\u00f6tet i Vasa Lokaltr\u00e4ffar Peders\u00f6re, Vasa\/Korsholm, N\u00e4rpes Borg\u00e5,\/Sibbo, Helsingfors, Karis Sommartr\u00e4ffen i Tamerfors Uppvaktningar p\u00e5 de stupades dag p\u00e5 s\u00e5 m\u00e5nga gravar i olika f\u00f6rsmlingar som m\u00f6jligt H\u00e5lla minst 4 styrelsem\u00f6ten S\u00e4nda minst 4 medlemsbrev Medlemsv\u00e5rd i Vasa- och Helsingforstrakten Informations tillf\u00e4llen runtom i Svenskfinland om v\u00e5r f\u00f6rening\u00a0 Medlemsv\u00e4rvning Forts\u00e4ttning av &hellip; <a href=\"https:\/\/www.svenskfinlandskrigsankebarn.multi.fi\/?page_id=36\" class=\"more-link\">Forts\u00e4tt l\u00e4sa <span class=\"screen-reader-text\">Verksamhetsplan<\/span><\/a><\/p>\n","protected":false},"author":1,"featured_media":0,"parent":0,"menu_order":10,"comment_status":"closed","ping_status":"closed","template":"","meta":{"footnotes":""},"class_list":["post-36","page","type-page","status-publish","hentry"],"_links":{"self":[{"href":"https:\/\/www.svenskfinlandskrigsankebarn.multi.fi\/index.php?rest_route=\/wp\/v2\/pages\/36","targetHints":{"allow":["GET"]}}],"collection":[{"href":"https:\/\/www.svenskfinlandskrigsankebarn.multi.fi\/index.php?rest_route=\/wp\/v2\/pages"}],"about":[{"href":"https:\/\/www.svenskfinlandskrigsankebarn.multi.fi\/index.php?rest_route=\/wp\/v2\/types\/page"}],"author":[{"embeddable":true,"href":"https:\/\/www.svenskfinlandskrigsankebarn.multi.fi\/index.php?rest_route=\/wp\/v2\/users\/1"}],"replies":[{"embeddable":true,"href":"https:\/\/www.svenskfinlandskrigsankebarn.multi.fi\/index.php?rest_route=%2Fwp%2Fv2%2Fcomments&post=36"}],"version-history":[{"count":11,"href":"https:\/\/www.svenskfinlandskrigsankebarn.multi.fi\/index.php?rest_route=\/wp\/v2\/pages\/36\/revisions"}],"predecessor-version":[{"id":1454,"href":"https:\/\/www.svenskfinlandskrigsankebarn.multi.fi\/index.php?rest_route=\/wp\/v2\/pages\/36\/revisions\/1454"}],"wp:attachment":[{"href":"https:\/\/www.svenskfinlandskrigsankebarn.multi.fi\/index.php?rest_route=%2Fwp%2Fv2%2Fmedia&parent=36"}],"curies":[{"name":"wp","href":"https:\/\/api.w.org\/{rel}","templated":true}]}}